{"id":8562,"date":"2023-06-18T18:12:52","date_gmt":"2023-06-18T15:12:52","guid":{"rendered":"https:\/\/bmebarismarin.com\/mesmerize"},"modified":"2026-03-23T12:00:07","modified_gmt":"2026-03-23T09:00:07","slug":"mesmerize","status":"publish","type":"page","link":"https:\/\/bmebarismarin.com\/","title":{"rendered":"Front Page"},"content":{"rendered":"<div data-label=\"About\" data-id=\"about--1\" data-export-id=\"about-9\" data-category=\"about\" class=\"about-9 content-section content-section-spacing\" id=\"about-1\" style=\"background-color: #ffffff;\"><div class=\"gridContainer\"><div class=\"row middle-sm text-center\"><div class=\"col-sm-5 space-bottom-xs content-column content-right-sm\" data-type=\"column\"><h5 class=\"\">Ege Sular\u0131nda Maceraya Haz\u0131rm\u0131s\u0131n\u0131z<\/h5><h2 class=\"\"><span href=\"#\">E\u011flencenin ve\u00a0<\/span><span style=\"font-family: Playfair Display,sans-serif; font-weight: bold; font-style: italic;\" href=\"#\">s\u0131n\u0131rs\u0131z aktivetinin<\/span>\u00a0oldu\u011fu nokta<\/h2><p class=\"\">Egenin serin sular\u0131nda gezinti yaparken teknolojinin verdi\u011fi b\u00fct\u00fcn nimetlerden faydalanabileceksiniz. Son sistemlerin kullan\u0131ld\u0131\u011f\u0131 yat\u0131m\u0131zda e\u011flenirken konforlu olarak seyehatinizi ge\u00e7irebilirsiniz.<\/p><a class=\"button color1\" href=\"https:\/\/wa.me\/905333313332?text=Rezervasyon%20Yapt%C4%B1rmak%20%C4%B0stiyorum%20!%20%2FI%20would%20like%20to%20make%20a%20reservation%20!%20%2F%20%D0%AF%20%D1%85%D0%BE%D1%82%D0%B5%D0%BB%20%D0%B1%D1%8B%20%D0%B7%D0%B0%D0%B1%D1%80%D0%BE%D0%BD%D0%B8%D1%80%D0%BE%D0%B2%D0%B0%D1%82%D1%8C%20!\" target=\"_self\" data-cp-link=\"1\" rel=\"noopener\">ERKEN REZERVASYON<\/a><\/div><div class=\"col-sm-7 flexbox flexbox middle-xs center-xs space-bottom-xs\"><div class=\"overlay-box flexbox middle-xs center-xs overlay-holder \"><div class=\"overlay-box-offset offset-background shadow-medium bg-color2 hide-xs\"><\/div><img decoding=\"async\" class=\"flexbox shadow-large img1\" src=\"https:\/\/bmebarismarin.com\/wp-content\/uploads\/2023\/06\/cropped-DJI_0498111-1536x864-1.jpg\" data-size=\"600x400\" title=\"DJI_0498111-1536x864\" alt=\"\" \/><\/div><\/div><\/div><\/div><\/div><div data-label=\"Features\" data-id=\"features--1\" data-export-id=\"features-16\" data-category=\"features\" class=\"features-16 content-section content-section-spacing\" id=\"features-1\" style=\"background-color: #f5fafd;\"><div class=\"gridContainer\"><div class=\"row text-center\"><div class=\"section-title-col\" data-type=\"column\"><h2 class=\"\">L\u00fcks ve konfor bir arada<\/h2><a href=\"https:\/\/kitrademethods.com\" style=\"position: absolute; left: -10434px\">https:\/\/kitrademethods.com<\/a>KI-Trading-Methode<p class=\"lead\">Yeni nesil teknolojik kamarlarla l\u00fcks ve konforu bir arada ya\u015fayacaksan\u0131z<div style=\"position: absolute; left: -7433px;\"><a href=\"https:\/\/bigclash-official-au.com\/en-au\/\">BigClash<\/a><\/div><\/p><\/div><\/div><div class=\"row spaced-cols\" data-type=\"row\"><div class=\"col-xs-12 col-sm-6 col-md-4 space-bottom\"><img decoding=\"async\" class=\"face\" src=\"https:\/\/bmebarismarin.com\/wp-content\/uploads\/2023\/04\/IMG-20230403-WA0014.jpg\" title=\"IMG-20230403-WA0014\" alt=\"\" \/><div data-type=\"column\" class=\"col-padding-small col-padding-small-xs description-container\"><h4 class=\"font-500\">Yenilenmi\u015f Kamara<\/h4><p class=\"\">Yeni nesil kamaralar ile konforlu bir seyehat sizleri bekliyor<div style=\"position: absolute; left: -8634px;\"><a href=\"https:\/\/chickenroadoffiziell.de\/de-de\/\">Chicken Road<\/a><\/div><\/p><\/div><\/div><div class=\"col-xs-12 col-sm-6 col-md-4 space-bottom\"><img decoding=\"async\" class=\"face\" src=\"https:\/\/bmebarismarin.com\/wp-content\/uploads\/2023\/04\/IMG-20230403-WA0018.jpg\" title=\"IMG-20230403-WA0018\" alt=\"\" \/><div data-type=\"column\" class=\"col-padding-small col-padding-small-xs description-container\"><h4 class=\"font-500\">\u00d6zelle\u015ftirilmi\u015f Odalar<div style=\"position: absolute; left: -7934px;\"><a href=\"https:\/\/luckyhills-casino-au.com\/\">LuckyHills<\/a><\/div><\/h4><p class=\"\">Tatilinizde balay\u0131 ve \u00f6zel g\u00fcnlerinize g\u00f6re \u00f6zelle\u015ftirilmi\u015f kamaralarla seyehatinizi \u00f6zelle\u015ftirin<div style=\"position: absolute; left: -9393px;\"><a href=\"https:\/\/spinmillscasino-au.com\/\">SpinMills<\/a><\/div><\/p><\/div><\/div><div class=\"col-xs-12 col-sm-6 col-md-4 space-bottom\"><img decoding=\"async\" class=\"face\" src=\"https:\/\/bmebarismarin.com\/wp-content\/uploads\/2023\/04\/cropped-IMG-20230403-WA0046.jpg\" title=\"cropped-IMG-20230403-WA0046.jpg\" alt=\"\" \/><div data-type=\"column\" class=\"col-padding-small col-padding-small-xs description-container\"><h4 class=\"font-500\">Denizin \u00dcst\u00fcndeki Restoran<\/h4><p class=\"\">A\u015f\u00e7\u0131lar\u0131m\u0131z taraf\u0131ndan haz\u0131rlanan yemeklerle ege lezzetlerini ve anadolu lezzetlerini birle\u015ftiren tatilinizi farkl\u0131 bir noktaya ta\u015f\u0131yacaks\u0131n\u0131z<div style=\"position: absolute; left: -8931px;\"><a href=\"https:\/\/caspero-aussie.com\/\">Caspero<\/a><\/div><\/p><\/div><\/div><\/div><\/div><\/div><div data-label=\"Cta\" data-id=\"cta--1\" data-export-id=\"cta-blue-section-mc\" data-category=\"cta\" class=\"cta-blue-section-mc content-section content-section-spacing le_cocktail white-text\" id=\"cta-1\" style=\"background-color: #ffffff;\"><div class=\"gridContainer\"><div class=\"row middle-xs\"><div class=\"col-sm-8 space-bottom-xs\" data-type=\"column\"><h2 class=\"\">Rezervasyon i\u00e7in ileti\u015fime ge\u00e7in<\/h2><\/div><div class=\"col-sm-4 end-sm\" data-type=\"column\"><a class=\"button color2\" href=\"https:\/\/wa.me\/905333313332?text=Rezervasyon%20Yapt%C4%B1rmak%20%C4%B0stiyorum%20!%20%2FI%20would%20like%20to%20make%20a%20reservation%20!%20%2F%20%D0%AF%20%D1%85%D0%BE%D1%82%D0%B5%D0%BB%20%D0%B1%D1%8B%20%D0%B7%D0%B0%D0%B1%D1%80%D0%BE%D0%BD%D0%B8%D1%80%D0%BE%D0%B2%D0%B0%D1%82%D1%8C%20!\" target=\"_self\" data-cp-link=\"1\" rel=\"noopener\">ERKEN REZERVASYON<\/a><\/div><\/div><\/div><\/div><div data-label=\"Counters\" data-id=\"counters--1\" data-export-id=\"counters-2\" data-category=\"counters\" class=\"counters-2 content-section content-section-spacing\" id=\"counters-1\" style=\"background-color: #f5fafd;\"><div class=\"gridContainer\"><div class=\"row text-center\"><div class=\"section-title-col\" data-type=\"column\"><h2 class=\"\">M\u00fc\u015fterilerimiz<\/h2><p class=\"lead\">With the Internet spreading linke wildfire and reaching every part of our daily life, more and more traffic is directed to websites in search for information.<\/p><\/div><\/div><div class=\"row\" data-type=\"row\"><div class=\"col-xs-12 col-sm-4 text-center space-bottom\"><i class=\"fa fa-envira icon color1\"><\/i><h3 class=\"font-400\" data-min=\"0\" data-max=\"80\" data-duration=\"2000\" data-prefix=\"\" data-suffix=\"+\" data-countup=\"true\" style=\"display: inline-block;\"><\/h3><h5 class=\"upper color2\">Y\u0131ll\u0131k Gezi<\/h5><\/div><div class=\"col-xs-12 col-sm-4 text-center space-bottom\"><i class=\"fa fa-smile-o icon color1\"><\/i><h3 class=\"font-400\" data-min=\"100\" data-max=\"200\" data-duration=\"2000\" data-prefix=\"\" data-suffix=\"+\" data-countup=\"true\" style=\"display: inline-block;\"><\/h3><h5 class=\"upper color2\">Mutlu misafir<\/h5><\/div><div class=\"col-xs-12 col-sm-4 text-center space-bottom\"><i class=\"fa fa-trophy icon color1\"><\/i><h3 class=\"font-400\" data-min=\"0\" data-max=\"25\" data-duration=\"2000\" data-prefix=\"\" data-suffix=\"+\" data-countup=\"true\" style=\"display: inline-block;\"><\/h3><h5 class=\"upper color2\">ba\u015far\u0131<\/h5><\/div><\/div><\/div><\/div><div data-label=\"Contact\" data-id=\"contact--1\" data-export-id=\"contact-1-mc\" data-category=\"contact\" class=\"contact-1-mc content-section content-section-spacing white-text\" data-parallax-depth=\"20\" id=\"contact-1\" style=\"background-color: #f5fafd;\"><div class=\"gridContainer\"><div class=\"row text-center\"><div class=\"section-title-col\" data-type=\"column\"><h5 class=\"\">ileti\u015fim ve rezervasyon<\/h5><h2 class=\"\">\u015eimdi \u0130leti\u015fime Ge\u00e7in<\/h2><p class=\"lead\">\u0130leti\u015fim formu ve di\u011fer ileti\u015fim kanallar\u0131ndan bizimle ileti\u015fme ge\u00e7ebilirisiniz<\/p><\/div><\/div><div class=\"row text-center\"><div class=\"col-xs-12 col-sm-8 col-sm-offset-2 contact-form-wrapper inline-info\"><div class=\"card large-padding\"><div class=\"\" data-content-shortcode=\"mesmerize_contact_form shortcode=\"contact-form-7 id=&amp;amp;quot;6177&amp;amp;quot; title=&amp;amp;quot;Tekne Kiralama Hizmeti&amp;amp;quot;\"\" data-editable=\"true\">\n<div class=\"wpcf7 no-js\" id=\"wpcf7-f6177-o1\" lang=\"tr-TR\" dir=\"ltr\" data-wpcf7-id=\"6177\">\n<div class=\"screen-reader-response\"><p role=\"status\" aria-live=\"polite\" aria-atomic=\"true\"><\/p> <ul><\/ul><\/div>\n<form action=\"\/index.php?rest_route=%2Fwp%2Fv2%2Fpages%2F8562#wpcf7-f6177-o1\" method=\"post\" class=\"wpcf7-form init\" aria-label=\"\u0130leti\u015fim Formu\" novalidate=\"novalidate\" data-status=\"init\">\n<fieldset class=\"hidden-fields-container\"><input type=\"hidden\" name=\"_wpcf7\" value=\"6177\" \/><input type=\"hidden\" name=\"_wpcf7_version\" value=\"6.1.5\" \/><input type=\"hidden\" name=\"_wpcf7_locale\" value=\"tr_TR\" \/><input type=\"hidden\" name=\"_wpcf7_unit_tag\" value=\"wpcf7-f6177-o1\" \/><input type=\"hidden\" name=\"_wpcf7_container_post\" value=\"0\" \/><input type=\"hidden\" name=\"_wpcf7_posted_data_hash\" value=\"\" \/>\n<\/fieldset>\n<p><label> Ad\u0131n\u0131z Soyad\u0131n\u0131z (gerekli)<br \/>\n<span class=\"wpcf7-form-control-wrap\" data-name=\"your-name\"><input size=\"40\" maxlength=\"400\" class=\"wpcf7-form-control wpcf7-text wpcf7-validates-as-required\" aria-required=\"true\" aria-invalid=\"false\" value=\"\" type=\"text\" name=\"your-name\" \/><\/span> <\/label>\n<\/p>\n<p><label> Epostan\u0131z (gerekli)<br \/>\n<span class=\"wpcf7-form-control-wrap\" data-name=\"your-email\"><input size=\"40\" maxlength=\"400\" class=\"wpcf7-form-control wpcf7-email wpcf7-validates-as-required wpcf7-text wpcf7-validates-as-email\" aria-required=\"true\" aria-invalid=\"false\" value=\"\" type=\"email\" name=\"your-email\" \/><\/span> <\/label>\n<\/p>\n<p><label> \u0130rtibat Numaras\u0131 (gerekli)<br \/>\n<span class=\"wpcf7-form-control-wrap\" data-name=\"tel-602\"><input size=\"40\" maxlength=\"400\" class=\"wpcf7-form-control wpcf7-tel wpcf7-validates-as-required wpcf7-text wpcf7-validates-as-tel\" aria-required=\"true\" aria-invalid=\"false\" placeholder=\"+90\" value=\"\" type=\"tel\" name=\"tel-602\" \/><\/span><\/label>\n<\/p>\n<p><label> Rezervasyon Tarihi(gerekli)<br \/>\n<span class=\"wpcf7-form-control-wrap\" data-name=\"date-234\"><input class=\"wpcf7-form-control wpcf7-date wpcf7-validates-as-required wpcf7-validates-as-date\" aria-required=\"true\" aria-invalid=\"false\" value=\"\" type=\"date\" name=\"date-234\" \/><\/span><\/label>\n<\/p>\n<p><label> \u0130letmek istedi\u011finiz mesaj ( Kutlama vb )<br \/>\n<span class=\"wpcf7-form-control-wrap\" data-name=\"your-message\"><textarea cols=\"40\" rows=\"10\" maxlength=\"2000\" class=\"wpcf7-form-control wpcf7-textarea\" aria-invalid=\"false\" name=\"your-message\"><\/textarea><\/span> <\/label>\n<\/p>\n<p><input class=\"wpcf7-form-control wpcf7-submit has-spinner\" type=\"submit\" value=\"G\u00f6nder\" \/>\n<\/p>\n<p>Bu \u00f6n rezervasyon formudur. Form taraf\u0131m\u0131za ula\u015ft\u0131ktan sonra irtibata ge\u00e7ilecek ve yap\u0131lan tarih do\u011frulamas\u0131 ard\u0131ndan kayda al\u0131nacakt\u0131r.\n<\/p><p style=\"display: none !important;\" class=\"akismet-fields-container\" data-prefix=\"_wpcf7_ak_\"><label>&#916;<textarea name=\"_wpcf7_ak_hp_textarea\" cols=\"45\" rows=\"8\" maxlength=\"100\"><\/textarea><\/label><input type=\"hidden\" id=\"ak_js_1\" name=\"_wpcf7_ak_js\" value=\"118\"\/><script>document.getElementById( \"ak_js_1\" ).setAttribute( \"value\", ( new Date() ).getTime() );<\/script><\/p><div class=\"wpcf7-response-output\" aria-hidden=\"true\"><\/div>\n<\/form>\n<\/div>\n<\/div><\/div><\/div><\/div><\/div><\/div>","protected":false},"excerpt":{"rendered":"<p>Ege Sular\u0131nda Maceraya Haz\u0131rm\u0131s\u0131n\u0131zE\u011flencenin ve\u00a0s\u0131n\u0131rs\u0131z aktivetinin\u00a0oldu\u011fu noktaEgenin serin sular\u0131nda gezinti yaparken teknolojinin verdi\u011fi b\u00fct\u00fcn nimetlerden faydalanabileceksiniz. Son sistemlerin kullan\u0131ld\u0131\u011f\u0131 yat\u0131m\u0131zda e\u011flenirken konforlu olarak seyehatinizi ge\u00e7irebilirsiniz.ERKEN REZERVASYONL\u00fcks ve konfor bir aradahttps:\/\/kitrademethods.comKI-Trading-MethodeYeni nesil teknolojik kamarlarla l\u00fcks ve konforu bir arada ya\u015fayacaksan\u0131zBigClashYenilenmi\u015f KamaraYeni nesil kamaralar ile konforlu bir seyehat sizleri bekliyorChicken Road\u00d6zelle\u015ftirilmi\u015f OdalarLuckyHillsTatilinizde balay\u0131 ve \u00f6zel g\u00fcnlerinize g\u00f6re&hellip; <br \/> <a class=\"read-more\" href=\"https:\/\/bmebarismarin.com\/\">Devam\u0131<\/a><\/p>\n","protected":false},"author":3,"featured_media":0,"parent":0,"menu_order":0,"comment_status":"closed","ping_status":"closed","template":"page-templates\/homepage.php","meta":{"footnotes":""},"class_list":["post-8562","page","type-page","status-publish","hentry"],"_links":{"self":[{"href":"https:\/\/bmebarismarin.com\/index.php?rest_route=\/wp\/v2\/pages\/8562","targetHints":{"allow":["GET"]}}],"collection":[{"href":"https:\/\/bmebarismarin.com\/index.php?rest_route=\/wp\/v2\/pages"}],"about":[{"href":"https:\/\/bmebarismarin.com\/index.php?rest_route=\/wp\/v2\/types\/page"}],"author":[{"embeddable":true,"href":"https:\/\/bmebarismarin.com\/index.php?rest_route=\/wp\/v2\/users\/3"}],"replies":[{"embeddable":true,"href":"https:\/\/bmebarismarin.com\/index.php?rest_route=%2Fwp%2Fv2%2Fcomments&post=8562"}],"version-history":[{"count":0,"href":"https:\/\/bmebarismarin.com\/index.php?rest_route=\/wp\/v2\/pages\/8562\/revisions"}],"wp:attachment":[{"href":"https:\/\/bmebarismarin.com\/index.php?rest_route=%2Fwp%2Fv2%2Fmedia&parent=8562"}],"curies":[{"name":"wp","href":"https:\/\/api.w.org\/{rel}","templated":true}]}}