{"id":6114,"date":"2016-11-06T20:40:48","date_gmt":"2016-11-06T20:40:48","guid":{"rendered":"https:\/\/bmebarismarin.com\/?page_id=6114"},"modified":"2016-11-06T20:40:48","modified_gmt":"2016-11-06T20:40:48","slug":"referanslar","status":"publish","type":"page","link":"https:\/\/bmebarismarin.com\/?page_id=6114","title":{"rendered":"Referanslar"},"content":{"rendered":"<h3 style=\"text-align: center;\"><span style=\"color: #800000;\">Firmam\u0131za Ait Referanslar\u0131m\u0131z<\/span><\/h3>\n<p>&nbsp;<\/p>\n<p style=\"text-align: center;\">[embeddoc url=&#8221;https:\/\/bmebarismarin.com\/wp-content\/uploads\/2016\/11\/Bme-Bar\u0131\u015f-Marin-Firma-Referanslar\u0131.docx&#8221; height=&#8221;120%&#8221; viewer=&#8221;microsoft&#8221;]<\/p>\n","protected":false},"excerpt":{"rendered":"<p>Firmam\u0131za Ait Referanslar\u0131m\u0131z &nbsp; [embeddoc url=&#8221;https:\/\/bmebarismarin.com\/wp-content\/uploads\/2016\/11\/Bme-Bar\u0131\u015f-Marin-Firma-Referanslar\u0131.docx&#8221; height=&#8221;120%&#8221; viewer=&#8221;microsoft&#8221;]<\/p>\n","protected":false},"author":3,"featured_media":0,"parent":0,"menu_order":0,"comment_status":"closed","ping_status":"closed","template":"","meta":{"footnotes":""},"class_list":["post-6114","page","type-page","status-publish","hentry"],"_links":{"self":[{"href":"https:\/\/bmebarismarin.com\/index.php?rest_route=\/wp\/v2\/pages\/6114","targetHints":{"allow":["GET"]}}],"collection":[{"href":"https:\/\/bmebarismarin.com\/index.php?rest_route=\/wp\/v2\/pages"}],"about":[{"href":"https:\/\/bmebarismarin.com\/index.php?rest_route=\/wp\/v2\/types\/page"}],"author":[{"embeddable":true,"href":"https:\/\/bmebarismarin.com\/index.php?rest_route=\/wp\/v2\/users\/3"}],"replies":[{"embeddable":true,"href":"https:\/\/bmebarismarin.com\/index.php?rest_route=%2Fwp%2Fv2%2Fcomments&post=6114"}],"version-history":[{"count":0,"href":"https:\/\/bmebarismarin.com\/index.php?rest_route=\/wp\/v2\/pages\/6114\/revisions"}],"wp:attachment":[{"href":"https:\/\/bmebarismarin.com\/index.php?rest_route=%2Fwp%2Fv2%2Fmedia&parent=6114"}],"curies":[{"name":"wp","href":"https:\/\/api.w.org\/{rel}","templated":true}]}}